e the prime factors of 32808718?
2, 23, 713233
What are the prime factors of 1465867426?
2, 31, 709, 33347
What are the prime factors of 1790777327?
193, 9278639
List the prime factors of 30049889.
3323, 9043
What are the prime factors of 122591987?
7, 571, 30671
What are the prime factors of 83486476?
2, 29, 47, 15313
List the prime factors of 162858050.
2, 5, 3257161
What are the prime factors of 733381922?
2, 7, 13, 44281
What are the prime factors of 172325218?
2, 13, 31, 47, 4549
List the prime factors of 609669882.
2, 3, 11290183
List the prime factors of 643256425.
5, 7, 421, 8731
List the prime factors of 260997816.
2, 3, 83, 131023
What are the prime factors of 265478642?
2, 11, 13, 59, 15733
List the prime factors of 1086309525.
3, 5, 7, 67, 89, 347
What are the prime factors of 4251975234?
2, 3, 13, 601, 90703
List the prime factors of 337092251.
257, 1311643
What are the prime factors of 903995345?
5, 11, 59, 278581
List the prime factors of 122148968.
2, 71, 215051
What are the prime factors of 4296384863?
683, 1669, 3769
What are the prime factors of 2638982906?
2, 7, 26928397
What are the prime factors of 199901866?
2, 99950933
What are the prime factors of 1027191309?
3, 342397103
List the prime factors of 3852983900.
2, 5, 37, 347, 3001
List the prime factors of 1053962763.
3, 7, 383, 131041
List the prime factors of 81250854.
2, 3, 17, 479, 1663
List the prime factors of 106848508.
2, 13, 1063, 1933
List the prime factors of 2790666337.
23, 121333319
What are the prime factors of 2215645000?
2, 5, 443129
List the prime factors of 150481064.
2, 19, 431, 2297
What are the prime factors of 3224639669?
3224639669
List the prime factors of 45157264.
2, 233, 12113
What are the prime factors of 1330131909?
3, 1487, 298169
What are the prime factors of 3173177124?
2, 3, 13, 41, 12721
What are the prime factors of 31142306?
2, 13, 199, 463
What are the prime factors of 51962486?
2, 71, 365933
List the prime factors of 69711596.
2, 409, 42611
What are the prime factors of 2371292117?
2371292117
What are the prime factors of 148160689?
19, 2221, 3511
What are the prime factors of 579582693?
3, 373, 172649
What are the prime factors of 1527797055?
3, 5, 17, 197, 1789
What are the prime factors of 243704734?
2, 7, 13, 23, 8317
What are the prime factors of 421202717?
13, 41, 727, 1087
List the prime factors of 371317960.
2, 5, 13, 714073
What are the prime factors of 36553611?
3, 12184537
List the prime factors of 362714327.
251, 1445077
What are the prime factors of 670370?
2, 5, 43, 1559
List the prime factors of 7555256.
2, 53, 103, 173
What are the prime factors of 1701803511?
3, 23, 8221273
What are the prime factors of 56469565?
5, 11293913
What are the prime factors of 285539702?
2, 7, 20395693
What are the prime factors of 3023450830?
2, 5, 43, 7031281
List the prime factors of 5242021275.
3, 5, 61, 1145797
What are the prime factors of 47895638?
2, 7, 227, 2153
What are the prime factors of 515344591?
4957, 103963
List the prime factors of 1537850415.
3, 5, 71, 1129, 1279
List the prime factors of 1185973430.
2, 5, 118597343
List the prime factors of 227415131.
227415131
What are the prime factors of 33154352?
2, 7, 11, 17, 1583
List the prime factors of 611694492.
2, 3, 4637, 10993
What are the prime factors of 2790332251?
7, 398618893
List the prime factors of 6759917561.
6759917561
What are the prime factors of 5196074373?
3, 7, 73, 376609
List the prime factors of 497356098.
2, 3, 3019, 27457
What are the prime factors of 680141020?
2, 5, 13, 79, 33113
What are the prime factors of 6840114?
2, 3, 19, 29, 2069
What are the prime factors of 3834553220?
2, 5, 757, 253273
List the prime factors of 190578171.
3, 7, 1193, 7607
What are the prime factors of 56735138?
2, 28367569
What are the prime factors of 54619799?
13, 31, 135533
List the prime factors of 3134950407.
3, 348327823
What are the prime factors of 29007623?
19, 23, 41, 1619
What are the prime factors of 2697647041?
8821, 305821
List the prime factors of 1537281846.
2, 3, 37, 2308231
What are the prime factors of 71034199?
71034199
What are the prime factors of 643658505?
3, 5, 7, 17, 360593
What are the prime factors of 1261391351?
11, 114671941
What are the prime factors of 51500962?
2, 3571, 7211
List the prime factors of 52230462.
2, 3, 8705077
What are the prime factors of 2053961975?
5, 13, 29, 383, 569
List the prime factors of 204059471.
7, 11, 167, 2267
What are the prime factors of 13748577?
3, 4582859
What are the prime factors of 1389236037?
3, 7, 97, 682001
What are the prime factors of 33641349?
3, 7, 1601969
What are the prime factors of 240210080?
2, 5, 11, 136483
What are the prime factors of 761151180?
2, 3, 5, 3373, 3761
List the prime factors of 69054568.
2, 11, 29, 27059
List the prime factors of 176572514.
2, 47, 1878431
List the prime factors of 45295999.
7, 29, 223133
List the prime factors of 273584457.
3, 101, 300973
List the prime factors of 753541315.
5, 150708263
What are the prime factors of 885406236?
2, 3, 11, 13, 227, 2273
What are the prime factors of 211723523?
11, 19247593
List the prime factors of 67574237.
3727, 18131
What are the prime factors of 656740085?
5, 131348017
List the prime factors of 32991231.
3, 7, 13, 120847
What are the prime factors of 2190011267?
421, 617, 8431
What are the prime factors of 295812318?
2, 3, 137, 359869
List the prime factors of 1931132438.
2, 257, 3757067
List the prime factors of 279459762.
2, 3, 6221, 7487
What are the prime factors of 84966638?
2, 751, 56569
List the prime factors of 513246625.
5, 673, 6101
What are the prime factors of 130296406?
2, 167, 390109
List the prime factors of 141029319.
3, 151, 311323
List the prime factors of 1089341080.
2, 5, 487, 55921
List the prime factors of 1066117361.
43, 337, 73571
What are the prime factors of 514606301?
11, 23, 2034017
List the prime factors of 1091284486.
2, 12511, 43613
What are the prime factors of 6927679146?
2, 3, 17, 229, 296587
What are the prime factors of 74140057?
53, 283, 4943
List the prime factors of 416754534.
2, 3, 7, 29, 263, 1301
What are the prime factors of 99463340?
2, 5, 4973167
What are the prime factors of 251646338?
2, 109, 491, 2351
List the prime factors of 611108961.
3, 59, 211, 16363
What are the prime factors of 47407760?
2, 5, 592597
List the prime factors of 3258462503.
3163, 1030181
What are the prime factors of 926534065?
5, 643, 288191
List the prime factors of 3444620411.
3444620411
What are the prime factors of 118110364?
2, 37, 798043
List the prime factors of 62793440.
2, 5, 37, 10607
List the prime factors of 811302397.
67, 101, 119891
What are the prime factors of 6137525?
5, 245501
What are the prime factors of 99584549?
23, 4329763
List the prime factors of 1531725936.
2, 3, 13, 1217, 2017
List the prime factors of 4602848779.
73, 63052723
List the prime factors of 22269214.
2, 11, 131, 7727
List the prime factors of 5045378970.
2, 3, 5, 3847, 43717
List the prime factors of 21743156.
2, 29, 187441
What are the prime factors of 48717890?
2, 5, 13, 374753
List the prime factors of 155387069.
61, 223, 11423
List the prime factors of 51364106.
2, 17, 19, 23, 3457
What are the prime factors of 785235072?
2, 3, 2044883
List the prime factors of 37758035.
5, 7, 19, 56779
What are the prime factors of 1803033415?
5, 360606683
What are the prime factors of 2925092729?
13, 491, 35251
List the prime factors of 297973532.
2, 61, 197, 6199
List the prime factors of 109458041.
7, 11, 233, 6101
List the prime factors of 790639300.
2, 5, 11, 61, 11783
List the prime factors of 1257105720.
2, 3, 5, 13, 109, 7393
What are the prime factors of 945170805?
3, 5, 389, 161983
What are the prime factors of 646891703?
5039, 128377
List the prime factors of 52258911.
3, 19, 37, 71, 349
What are the prime factors of 326533592?
2, 7, 11, 530087
What are the prime factors of 703308200?
2, 5, 7, 97, 5179
What are the prime factors of 2637700?
2, 5, 13, 2029
List the prime factors of 180620163.
3, 20068907
What are the prime factors of 49344575?
5, 7, 457, 617
What are the prime factors of 2522415219?
3, 840805073
List the prime factors of 3995835018.
2, 3, 7, 73, 503, 2591
What are the prime factors of 1611638518?
2, 7, 